54643 (base 7) in base 11?
-441a4
What is 1202002 (base 3) in base 7?
3464
85a0 (base 11) to base 3
120120212
-1a35 (base 11) to base 16
-a13
142a (base 12) to base 9
3177
57e (base 15) to base 14
64c
3eb (base 16) to base 15
46d
What is -746 (base 8) in base 13?
-2b5
Convert 1c6c (base 15) to base 4.
1200201
-996 (base 11) to base 16
-4aa
What is 111010110 (base 2) in base 12?
332
Convert -111023 (base 4) to base 9.
-1765
Convert -3184 (base 11) to base 6.
-31250
Convert 5004 (base 13) to base 8.
25355
53352 (base 8) to base 15
68d5
-1012 (base 10) to base 5
-13022
Convert 606 (base 14) to base 4.
102132
Convert 1ba (base 14) to base 16.
168
Convert -265 (base 12) to base 8.
-555
e9bd (base 16) to base 9
101065
c6a (base 14) to base 8
4616
What is -14866 (base 11) in base 4?
-11020031
33 (base 10) to base 4
201
What is -1201021 (base 3) in base 8?
-2341
What is 121a (base 11) in base 10?
1594
What is 11022 (base 3) in base 2?
1110100
Convert -11332 (base 6) to base 8.
-3150
1000001110 (base 2) to base 15
251
What is 2212244 (base 5) in base 4?
21120301
Convert 69b (base 14) to base 12.
915
What is -6091 (base 12) in base 4?
-2203231
-22b0 (base 15) to base 9
-11083
715 (base 13) to base 2
10010110001
Convert 3222413 (base 5) to base 16.
d5cd
What is -311 (base 13) in base 9?
-638
21332 (base 5) to base 13
88b
-23087 (base 11) to base 10
-33370
Convert 2231 (base 6) to base 15.
24d
Convert 355 (base 11) to base 10.
423
What is -3015 (base 7) in base 14?
-545
What is 13335 (base 8) in base 7?
23031
-132332 (base 4) to base 16
-7be
14513 (base 8) to base 7
24610
Convert -435 (base 11) to base 10.
-522
442150 (base 7) to base 9
127404
Convert 523513 (base 6) to base 8.
122505
What is 104630 (base 7) in base 13?
8558
Convert -5780 (base 9) to base 13.
-1c47
Convert -10100001 (base 2) to base 4.
-2201
What is -1618d (base 14) in base 16?
-d7a1
Convert 52b (base 15) to base 14.
5d4
Convert -45370 (base 8) to base 3.
-222022211
-730 (base 8) to base 5
-3342
Convert -12010122 (base 3) to base 12.
-21bb
What is -2285 (base 15) in base 6?
-53525
What is -2232 (base 6) in base 2?
-1000001100
What is -1c75 (base 13) in base 12?
-2601
Convert 503254 (base 6) to base 15.
bb24
-849 (base 12) to base 15
-559
Convert -310 (base 7) to base 3.
-12201
What is -11033 (base 6) in base 9?
-2083
Convert 333 (base 6) to base 13.
9c
What is 12a (base 13) in base 6?
541
209 (base 10) to base 14
10d
Convert 4520 (base 9) to base 5.
101324
What is -110110011000 (base 2) in base 5?
-102410
What is -110100100 (base 2) in base 14?
-220
4330 (base 6) to base 13
5b2
What is 49a (base 15) in base 2?
10000010101
Convert 230121 (base 4) to base 13.
13a7
Convert 13531 (base 7) to base 9.
5057
Convert -373 (base 10) to base 5.
-2443
What is -4475 (base 8) in base 9?
-3217
What is 3e2 (base 15) in base 5?
12022
Convert -23 (base 15) to base 5.
-113
-8914 (base 10) to base 9
-13204
Convert -100111000101011 (base 2) to base 11.
-14042
What is -513 (base 11) in base 2?
-1001101011
What is -22310002 (base 4) in base 12?
-2176a
What is 76835 (base 9) in base 6?
1032005
What is 2c27 (base 14) in base 6?
100243
2555 (base 11) to base 12
1b13
What is -11101100111 (base 2) in base 7?
-5345
What is 45324 (base 7) in base 8?
26334
Convert -1000010010 (base 2) to base 12.
-382
Convert -511121 (base 7) to base 5.
-10234333
What is -1194 (base 12) in base 2?
-11111000000
What is 10031 (base 4) in base 3?
100222
10011111011 (base 2) to base 9
1666
What is -3376 (base 9) in base 2?
-100111000011
-631a (base 16) to base 6
-313242
Convert 2433 (base 6) to base 4.
21111
What is 2120012 (base 3) in base 13?
b09
1011111 (base 2) to base 4
1133
Convert -9498 (base 11) to base 6.
-134110
What is -210203 (base 5) in base 10?
-6928
43052 (base 6) to base 7
23045
10040 (base 12) to base 3
1001111210
What is 26407 (base 10) in base 5?
1321112
What is -567 (base 10) in base 15?
-27c
Convert 454 (base 9) to base 11.
30a
Convert -4550 (base 8) to base 12.
-1488
What is 15011 (base 9) in base 5?
311331
368 (base 16) to base 14
464
Convert 1471 (base 12) to base 2.
100101010101
Convert -2016d (base 14) to base 12.
-38771
-1277 (base 8) to base 10
-703
What is -6764 (base 9) in base 5?
-124444
11000112 (base 3) to base 8
5562
What is 9b2 (base 12) in base 16?
596
What is -30333 (base 4) in base 3?
-1010210
What is -210000220 (base 3) in base 11?
-1057a
What is -4b8b (base 16) in base 5?
-1104324
Convert 2603 (base 10) to base 5.
40403
1477 (base 15) to base 2
1000100100011
136670 (base 8) to base 10
48568
-41768 (base 9) to base 15
-82a2
-492a (base 14) to base 13
-5a7c
What is -44141 (base 5) in base 4?
-233212
Convert 888 (base 10) to base 9.
1186
Convert -1dc (base 15) to base 7.
-1155
Convert 11323013 (base 4) to base 9.
36248
-14709 (base 10) to base 7
-60612
What is 17665 (base 8) in base 13?
3905
41433 (base 6) to base 12
3279
Convert 120021 (base 3) to base 12.
2a4
Convert -661 (base 8) to base 16.
-1b1
-1023030 (base 4) to base 10
-4812
What is 243222 (base 5) in base 13?
4249
-4486 (base 15) to base 16
-38be
What is 113 (base 5) in base 8?
41
What is -20aa3 (base 11) in base 5?
-1434410
Convert -1050 (base 6) to base 12.
-186
What is 10343 (base 7) in base 13?
1235
-103213 (base 4) to base 10
-1255
Convert -523 (base 11) to base 5.
-10010
213 (base 7) to base 12
90
What is 46200 (base 7) in base 10?
11760
What is 1658 (base 9) in base 5?
20033
Convert 290 (base 13) to base 2.
111000111
11000110111011 (base 2) to base 14
48d5
-10337 (base 8) to base 16
-10df
What is -540 (base 13) in base 15?
-3ec
Convert 420433 (base 5) to base 2.
11011000101100
Convert -110110011 (base 2) to base 14.
-231
What is -111010 (base 2) in base 4?
-322
173 (base 16) to base 10
371
What is 10103 (base 9) in base 14?
25c9
22520 (base 6) to base 16
c90
Convert 475 (base 13) to base 9.
1047
What is -11001101011 (base 2) in base 5?
-23033
Convert 2112201110 (base 3) to base 9.
75643
Convert -6177 (base 8) to base 6.
-22451
What is -1622 (base 13) in base 7?
-12305
-10178 (base 11) to base 2
-11100111111111
1230021 (base 4) to base 14
2745
33200232 (base 4) to base 3
10020011010
1243b (base 14) to base 5
2412431
-5487 (base 10) to base 2
-1010101101111
Convert -449 (base 11) to base 13.
-324
Convert 7713 (base 8) to base 15.
12e8
What is -a161 (base 15) in base 11?
-2365a
What is -31131 (base 5) in base 6?
-13241
26034 (base 7) to base 12
3b99
Convert -1334 (base 9) to base 8.
-1753
What is -4c3 (base 16) in base 6?
-5351
-200201202 (base 3) to base 12
-7a9b
Convert -670 (base 10) to base 13.
-3c7
132b1 (base 13) to base 5
2120014
Convert 201202 (base 4) to base 12.
12aa
Convert 4142 (base 5) to base 14.
2b1
16754 (base 10) to base 5
1014004
Convert 1326 (base 7) to base 14.
286
-24251 (base 8) to base 7
-42230
What is -48531 (base 10) in base 13?
-19122
Convert 215 (base 15) to base 13.
2a2
Convert 121111 (base 3) to base 9.
544
Convert -521 (base 10) to base 9.
-638
Convert 1423 (base 14) to base 7.
13243
Convert 48672 (base 10) to base 9.
73680
What is -3a406 (base 11) in base 13?
-20373
-4631 (base 14) to base 8
-27643
Convert -811 (base 10) to base 2.
-1100101011
-3128 (base 11) to base 5
-113034
4656 (base 7) to base 6
11523
Convert 7b45 (base 13) to base 2.
100001110001111
-278e (base 15) to base 13
-3b09
-3911 (base 15) to base 8
-27606
Convert 12021 (base 5) to base 14.
474
What is 13342 (base 6) in base 2?
100000011110
What is 1001010111001001 (base 2) in base 9?
57535
Convert -7a6 (base 14) to base 15.
-6b3
-13323 (base 5) to base 3
-1111022
Convert -1526 (base 10) to base 7.
-4310
163 (base 10) to base 11
139
Convert 11331 (base 6) to base 16.
667
Convert -5651 (base 12) to base 13.
-447a
What is 4623 (base 7) in base 12?
b83
What is 19930 (base 10) in base 15?
5d8a
What is -4142 (base 6) in base 8?
-1636
What is 12503 (base 6) in base 16?
777
Convert 4b84 (base 13) to base 8.
25003
-a6 (base 16) to base 5
-1131
What is 1000000111001 (base 2) in base 11?
3136
What is 101100101000 (base 2) in base 13?
13b9
Convert 22202002 (base 3) to base 16.
18e6
8760 (base 9) to base 6
45513
-153320 (base 6) to base 11
-10319
What is 1211211 (base 3) in base 9?
1754
-38158 (base 9) to base 5
-1310044
22132 (base 5) to base 9
2103
W